{"id":241,"date":"2023-11-23T22:04:57","date_gmt":"2023-11-23T22:04:57","guid":{"rendered":"https:\/\/uodi.uw.edu.pl\/?page_id=241"},"modified":"2023-12-12T10:16:47","modified_gmt":"2023-12-12T10:16:47","slug":"program-konferencji-12-12-2023","status":"publish","type":"page","link":"https:\/\/uodi.uw.edu.pl\/index.php\/program-konferencji-12-12-2023\/","title":{"rendered":"Program Konferencji 12.12.2023"},"content":{"rendered":"\n<p><strong>Podej\u015bcie \u015brodowiskowe w dzia\u0142aniach pomocowych: organizacja, metodyka, upowszechnianie<\/strong><\/p>\n\n\n\n<ul class=\"wp-block-list\">\n<li><strong>9:00 \u2013 10:00 \u2013 Przywitanie go\u015bci i sesja otwieraj\u0105ca<\/strong>\n<ul class=\"wp-block-list\">\n<li>prof. dr hab. Ewa Krogulec, Prorektor Uniwersytetu Warszawskiego<\/li>\n\n\n\n<li>dr hab. Aneta Gawkowska, Dziekan Wydzia\u0142u Stosowanych Nauk Spo\u0142ecznych i Resocjalizacji UW<\/li>\n\n\n\n<li>dr hab. Marek Rymsza \u2013 kierownik UODI UW<\/li>\n<\/ul>\n<\/li>\n\n\n\n<li><strong>Sesja: Pomi\u0119dzy us\u0142ugami \u015brodowiskowymi i plac\u00f3wkami pomocowymi. Profesjonalne praktyki pomocowe w Polsce<\/strong>\n\n\n\n\n\n\n\n\n\n\n\n\n\n\n\n\n\n\n\n\n\n\n\n\n<ul class=\"wp-block-list\">\n<li>Grzegorz Baranowski, Dyrektor Departament Pomocy i Integracji Spo\u0142ecznej, Ministerstwo Rodziny i Polityki Spo\u0142ecznej<\/li>\n\n\n\n<li>Piotr Krasuski, Dyrektor Departamentu EFS, Ministerstwo Rozwoju i Polityki Regionalnej<\/li>\n<\/ul>\n\n\n\n<ul class=\"wp-block-list\">\n<li>Wioletta Wilimska, Dyrektor Regionalnego O\u015brodka Polityki Spo\u0142ecznej w Krakowie<\/li>\n<\/ul>\n\n\n\n<ul class=\"wp-block-list\">\n<li>Adam Szponka, Dyrektor Regionalnego O\u015brodka Polityki Spo\u0142ecznej w Toruniu<\/li>\n<\/ul>\n\n\n\n<ul class=\"wp-block-list\">\n<li>Moderacja: dr hab. Aneta Gawkowska, WSNSiR UW<\/li>\n<\/ul>\n<\/li>\n\n\n\n<li><strong>10:15 \u2013 11:45 \u2013 Sesja: Podej\u015bcie \u015brodowiskowe w metodyce wybranych profesji, zawod\u00f3w i specjalno\u015bci pomocowych<\/strong>\n\n\n<ul class=\"wp-block-list\">\n<li><em>Asystent zdrowienia<\/em> \u2013 dr Mateusz Glinowiecki, WSNSiR UW<\/li>\n\n\n\n<li><em>Streetworker <\/em>\u2013 dr hab. prof. ucz. Mariola Bie\u0144ko, WSNSiR UW<\/li>\n\n\n\n<li><em>Zawodowy rodzic zast\u0119pczy<\/em> \u2013 dr hab. Mariola Rac\u0142aw, WSNSiR UW<\/li>\n\n\n\n<li><em>Pracownik socjalny<\/em> \u2013 dr hab. Tomasz Ka\u017amierczak, WSNSiR UW<\/li>\n\n\n\n<li><em>Organizator spo\u0142eczno\u015bci lokalnej<\/em> \u2013 dr hab. Marek Rymsza, WSNSiR UW<\/li>\n\n\n\n<li>Moderacja: dr hab. Marek Rymsza<\/li>\n<\/ul>\n<\/li>\n\n\n\n<li><strong>12:00 \u2013 13:30 \u2013 Sesja: Polityka deinstytucjonalizacji opieki nad dzie\u0107mi w Unii Europejskiej oraz dzie\u0107mi uchod\u017ac\u00f3w i migrant\u00f3w w Polsce<\/strong> \n\n\n\n\n\n\n\n\n\n\n\n\n\n\n\n\n<ul class=\"wp-block-list\">\n<li><em>Specyfika opieki nad dzie\u0107mi w polityce deinstytucjonalizacji UE<\/em> \u2013 prof. dr hab. Krzysztof Jasiecki, CE UW<\/li>\n\n\n\n<li><em>Spo\u0142eczna percepcja pomocy uchod\u017acom z Ukrainy oraz ich dzieciom<\/em> \u2013 dr Robert Staniszewski, WNPiSM UW<\/li>\n\n\n\n<li><em>Proces deinstytucjonalizacji integracji migrant\u00f3w w Polsce ze szczeg\u00f3lnym uwzgl\u0119dnieniem dzieci ukrai\u0144skich<\/em> \u2013 dr Ma\u0142gorzata Pacek, CE UW<\/li>\n\n\n\n<li><em>Pozainstytucjalna pomoc dzieciom cudzoziemskim na granicy polsko-bia\u0142oruskiej w \u015bwietle Konwencji o prawach dziecka <\/em>\u2013 ks. prof. dr hab. Janusz Balicki, UKSW<\/li>\n<\/ul>\n\n\n\n<ul class=\"wp-block-list\">\n<li><em>Zapowied\u017a wydawnicza \u2013 publikacja zbiorowa CE UW \u201ePolityka deinstytucjonalizacji a wojna w Ukrainie i wyzwania migracyjne w Polsce\u201d<\/em> \u2013 Krzysztof Jasiecki, Ma\u0142gorzata Pacek<\/li>\n<\/ul>\n\n\n\n<ul class=\"wp-block-list\">\n<li>Moderacja: dr hab. Kamil Zaj\u0105czkowski, CE UW<\/li>\n<\/ul>\n<\/li>\n\n\n\n<li><strong>13:45 \u2013 15:15 \u2013 Sesja: Dzia\u0142ania pomocowe Polak\u00f3w w kontek\u015bcie kryzysu uchod\u017aczego w Polsce<\/strong>\n\n\n\n\n\n\n\n\n\n\n<ul class=\"wp-block-list\">\n<li><em>Powody, dla kt\u00f3rych ludzie pomagaj\u0105 i nie pomagaj\u0105 uchod\u017acom<\/em> \u2013 dr Magdalena Roszczy\u0144ska-Kurasi\u0144ska, ISS UW, dr Agnieszka Rychwalska, ISS UW<\/li>\n\n\n\n<li><em>Polityka przyjmowania uchod\u017ac\u00f3w z pierwszej linii frontu. Warszawskie punkty recepcyjne w czasie kryzysu ukrai\u0144skiego 2022<\/em> \u2013 mgr Nina Wr\u00f3blewska, mgr Mateusz Trochymiak, ISS UW<\/li>\n\n\n\n<li><em>Odpowied\u017a polskich miast \u015bredniej wielko\u015bci na migracj\u0119 przymusow\u0105 z Ukrainy w 2022 roku: studia przypadk\u00f3w \u015awinouj\u015bcia, \u0141om\u017cy i P\u0142ocka <\/em>&#8211; dr Marta Pachocka, O\u015brodek Bada\u0144 nad Migracjami UW i SGH; dr Arkadiusz Lewandowski, UKW<\/li>\n<\/ul>\n\n\n\n<ul class=\"wp-block-list\">\n<li>Moderacja: dr hab. Anna Domaradzka, ISS UW<\/li>\n<\/ul>\n\n\n\n<ul class=\"wp-block-list\">\n<li>Wolontariusze wspieraj\u0105cy uchod\u017ac\u00f3w z Ukrainy. Emergentni liderzy w sytuacji kryzysowej \u2013 dr Ewa Domaradzka, Instytut Psychologii PAN, mgr Agata \u017bbikowska, ISS UW<\/li>\n<\/ul>\n<\/li>\n\n\n\n<li><strong>15:15 \u2013 15:30 \u2013 Podsumowanie i zamkni\u0119cie konferencji<\/strong>\n<ul class=\"wp-block-list\">\n<li>dr hab. M. Rymsza, WSNSiR UW<\/li>\n\n\n\n<li>prof. dr hab. Krzysztof Jasiecki, CE UW<\/li>\n\n\n\n<li>dr hab. Anna Domaradzka, ISS UW<\/li>\n<\/ul>\n<\/li>\n<\/ul>\n\n\n\n<div class=\"wp-block-buttons is-layout-flex wp-block-buttons-is-layout-flex\">\n<div class=\"wp-block-button is-style-fill\"><a class=\"wp-block-button__link wp-element-button\" href=\"https:\/\/uodi.uw.edu.pl\/wp-content\/uploads\/2023\/11\/Konferencja_UODI_12_12_2023.pdf\">Pobierz program w PDF<\/a><\/div>\n<\/div>\n","protected":false},"excerpt":{"rendered":"<p>Podej\u015bcie \u015brodowiskowe w dzia\u0142aniach pomocowych: organizacja, metodyka, upowszechnianie<\/p>\n","protected":false},"author":1,"featured_media":0,"parent":0,"menu_order":0,"comment_status":"closed","ping_status":"closed","template":"","meta":{"footnotes":""},"class_list":["post-241","page","type-page","status-publish"],"_links":{"self":[{"href":"https:\/\/uodi.uw.edu.pl\/index.php\/wp-json\/wp\/v2\/pages\/241","targetHints":{"allow":["GET"]}}],"collection":[{"href":"https:\/\/uodi.uw.edu.pl\/index.php\/wp-json\/wp\/v2\/pages"}],"about":[{"href":"https:\/\/uodi.uw.edu.pl\/index.php\/wp-json\/wp\/v2\/types\/page"}],"author":[{"embeddable":true,"href":"https:\/\/uodi.uw.edu.pl\/index.php\/wp-json\/wp\/v2\/users\/1"}],"replies":[{"embeddable":true,"href":"https:\/\/uodi.uw.edu.pl\/index.php\/wp-json\/wp\/v2\/comments?post=241"}],"version-history":[{"count":5,"href":"https:\/\/uodi.uw.edu.pl\/index.php\/wp-json\/wp\/v2\/pages\/241\/revisions"}],"predecessor-version":[{"id":270,"href":"https:\/\/uodi.uw.edu.pl\/index.php\/wp-json\/wp\/v2\/pages\/241\/revisions\/270"}],"wp:attachment":[{"href":"https:\/\/uodi.uw.edu.pl\/index.php\/wp-json\/wp\/v2\/media?parent=241"}],"curies":[{"name":"wp","href":"https:\/\/api.w.org\/{rel}","templated":true}]}}