{"id":126,"date":"2022-11-13T21:49:13","date_gmt":"2022-11-13T21:49:13","guid":{"rendered":"https:\/\/uodi.uw.edu.pl\/?page_id=126"},"modified":"2026-03-23T21:11:37","modified_gmt":"2026-03-23T21:11:37","slug":"program-konferencji","status":"publish","type":"page","link":"https:\/\/uodi.uw.edu.pl\/index.php\/program-konferencji\/","title":{"rendered":"Program konferencji 2022"},"content":{"rendered":"\n<p class=\"has-text-align-center\"><strong>29.XI.2022 w formule online<\/strong><br><strong>W stron\u0119 \u015brodowiskowych us\u0142ug spo\u0142ecznych \u2013 deinstytucjonalizacja praktyk pomocowych w Polsce i w Europie<\/strong><\/p>\n\n\n\n<ul class=\"wp-block-list\">\n<li><strong>9:00 \u2013 9:45 \u2013 Sesja otwieraj\u0105ca<\/strong>\n<ul class=\"wp-block-list\">\n<li>prof. dr hab. Ewa Krogulec, Prorektor Uniwersytetu Warszawskiego<\/li>\n\n\n\n<li>dr hab. Aneta Gawkowska, Dziekan Wydzia\u0142u Stosowanych Nauk Spo\u0142ecznych i Resocjalizacji UW<\/li>\n<\/ul>\n<\/li>\n\n\n\n<li><em>Dlaczego potrzebna jest deinstytucjonalizacja praktyk pomocowych?<\/em>\n<ul class=\"wp-block-list\">\n<li>Justyna Pawlak, Dyrektor Departament Pomocy i Integracji Spo\u0142ecznej, Ministerstwo Rodziny i Polityki Spo\u0142ecznej<\/li>\n\n\n\n<li>Piotr Krasuski, Dyrektor Departamentu EFS, Ministerstwo Rozwoju i Polityki Regionalnej<\/li>\n<\/ul>\n<\/li>\n\n\n\n<li><em>Jak bada\u0107 procesy deinstytucjonalizacji?<\/em>\n<ul class=\"wp-block-list\">\n<li>dr hab. Marek Rymsza, Prodziekan WSNSiR UW<\/li>\n\n\n\n<li>dr hab. Kamil Zaj\u0105czkowski, Dyrektor Centrum Europejskiego UW<\/li>\n\n\n\n<li>dr Anna Domaradzka-Wid\u0142a, Dyrektor Instytutu Studi\u00f3w Spo\u0142ecznych im. Profesora Roberta Zajonca UW<\/li>\n<\/ul>\n<\/li>\n\n\n\n<li><strong>9:45 \u2013 11:15 \u2013 Sesja: Pomi\u0119dzy us\u0142ugami \u015brodowiskowymi i plac\u00f3wkami pomocowymi. Profesjonalne praktyki pomocowe w Polsce<\/strong>\n\n\n\n\n<ul class=\"wp-block-list\">\n<li>Piecza zast\u0119pcza \u2013 dr hab. Mariola Rac\u0142aw, ISNS-WSNSiR UW<\/li>\n\n\n\n<li>Wspieranie os\u00f3b z niepe\u0142nosprawno\u015bciami \u2013 dr Izabela Grabowska, IPSiR-WSNSiR UW<\/li>\n\n\n\n<li>Wspieranie os\u00f3b z zaburzeniami psychicznymi \u2013 dr Mateusz Glinowiecki, ISNS-WSNSiR UW<\/li>\n\n\n\n<li>Wspieranie os\u00f3b uzale\u017cnionych \u2013 dr hab. Beata Hoffmann, ISNS-WSNSiR UW<\/li>\n<\/ul>\n\n\n\n<ul class=\"wp-block-list\">\n<li>Wspieranie os\u00f3b w kryzysie bezdomno\u015bci \u2013 dr hab. prof. ucz. Mariola Bie\u0144ko, ISNS-WSNSiR UW<\/li>\n\n\n\n<li>Wspieranie senior\u00f3w \u2013 dr hab. Ewa Stachowska, IPSiR-WSNSiR UW<\/li>\n\n\n\n<li>Moderacja: dr hab. Marek Rymsza, WSNSiR UW<\/li>\n<\/ul>\n<\/li>\n\n\n\n<li>11:15 \u2013 11:30 \u2013 Przerwa<\/li>\n\n\n\n<li><strong>11:30 \u2013 12:45 \u2013 Sesja: Stan obecny i przysz\u0142o\u015b\u0107 polityki deinstytucjonalizacji w Unii Europejskiej<\/strong>\n\n\n\n\n<ul class=\"wp-block-list\">\n<li>Baza danych monitoringu legislacyjnego i dokumentacji unijnej polityki deinstytucjonalizacji &#8211; dr hab. Agnieszka Vetulani-Cegiel, UAM w Poznaniu<\/li>\n\n\n\n<li>Wyzwania pomocy d\u0142ugoterminowej i stan wdra\u017cania deinstytucjonalizacji w pa\u0144stwach UE &#8211; dr Szymon W\u00f3jcik, WSNSiR UW, dr Karolina Lignar-Paczocha, WSNSiR UW<\/li>\n<\/ul>\n\n\n\n<ul class=\"wp-block-list\">\n<li>Dylematy i wyzwania polityki migracyjnej UE w kontek\u015bcie sytuacji migracyjnej w Europie w latach 2015-2022 \u2013 dr Marta Pachocka, CE UW<\/li>\n\n\n\n<li>Moderacja: prof. dr hab. Krzysztof Jasiecki CE UW<\/li>\n<\/ul>\n<\/li>\n\n\n\n<li>12:45 \u2013 13:00 \u2013 Przerwa<\/li>\n\n\n\n<li><strong>13:00 \u2013 14:30 \u2013 Sesja: Pomoc uchod\u017acom z Ukrainy \u2013 prezentacja wynik\u00f3w bada\u0144<\/strong>\n<ul class=\"wp-block-list\">\n<li>Wsparcie dla uchod\u017ac\u00f3w z Ukrainy \u2013 formy, motywacje i konsekwencje \u2013 dr Magdalena Roszczy\u0144ska-Kurasi\u0144ska, ISS UW, dr Tomasz Oleksy, ISS UW, dr Anna Wnuk, ISS UW<\/li>\n\n\n\n<li>Badanie przygranicznych punkt\u00f3w recepcyjnych \u2013 dr hab. Miko\u0142aj Rakusa-Suszczewski, CE UW<\/li>\n\n\n\n<li>Wsp\u00f3\u0142dzia\u0142anie i konflikt w zakresie dzia\u0142a\u0144 pomocowych. Studium przypadku punktu recepcyjnego dla uchod\u017aczy\u0144 i uchod\u017ac\u00f3w z Ukrainy \u2013 Mateusz Trochymiak, ISS UW, Nina Wr\u00f3blewska, ISS UW<\/li>\n\n\n\n<li>Studium przypadku: Polsko-Ukrai\u0144skie Centrum Wolska \u2013 dr hab. Bogdan Skrzypczak, IPSiR-WSNSiR UW<\/li>\n\n\n\n<li>Moderacja: dr Anna Domaradzka-Wid\u0142a, ISS UW<\/li>\n<\/ul>\n<\/li>\n\n\n\n<li><strong>14:30 \u2013 14:45 \u2013 Podsumowanie i zamkni\u0119cie konferencji<\/strong>\n<ul class=\"wp-block-list\">\n<li>dr hab. M. Rymsza, WSNSiR UW<\/li>\n<\/ul>\n<\/li>\n<\/ul>\n\n\n\n<div class=\"wp-block-buttons is-layout-flex wp-block-buttons-is-layout-flex\">\n<div class=\"wp-block-button is-style-fill\"><a class=\"wp-block-button__link wp-element-button\" href=\"https:\/\/uodi.uw.edu.pl\/wp-content\/uploads\/2022\/11\/UODI_program_konferencji-29-11-2022_final2.pdf\">Pobierz program w PDF<\/a><\/div>\n<\/div>\n","protected":false},"excerpt":{"rendered":"<p>29.XI.2022 w formule onlineW stron\u0119 \u015brodowiskowych us\u0142ug spo\u0142ecznych \u2013 deinstytucjonalizacja praktyk pomocowych w Polsce i w Europie<\/p>\n","protected":false},"author":1,"featured_media":0,"parent":0,"menu_order":0,"comment_status":"closed","ping_status":"closed","template":"","meta":{"footnotes":""},"class_list":["post-126","page","type-page","status-publish"],"_links":{"self":[{"href":"https:\/\/uodi.uw.edu.pl\/index.php\/wp-json\/wp\/v2\/pages\/126","targetHints":{"allow":["GET"]}}],"collection":[{"href":"https:\/\/uodi.uw.edu.pl\/index.php\/wp-json\/wp\/v2\/pages"}],"about":[{"href":"https:\/\/uodi.uw.edu.pl\/index.php\/wp-json\/wp\/v2\/types\/page"}],"author":[{"embeddable":true,"href":"https:\/\/uodi.uw.edu.pl\/index.php\/wp-json\/wp\/v2\/users\/1"}],"replies":[{"embeddable":true,"href":"https:\/\/uodi.uw.edu.pl\/index.php\/wp-json\/wp\/v2\/comments?post=126"}],"version-history":[{"count":7,"href":"https:\/\/uodi.uw.edu.pl\/index.php\/wp-json\/wp\/v2\/pages\/126\/revisions"}],"predecessor-version":[{"id":373,"href":"https:\/\/uodi.uw.edu.pl\/index.php\/wp-json\/wp\/v2\/pages\/126\/revisions\/373"}],"wp:attachment":[{"href":"https:\/\/uodi.uw.edu.pl\/index.php\/wp-json\/wp\/v2\/media?parent=126"}],"curies":[{"name":"wp","href":"https:\/\/api.w.org\/{rel}","templated":true}]}}